ose 38 = 20*m - 42. Suppose -4*d + 8*d - 1644 = -m*j, -1234 = -3*j - 2*d. List the prime factors of j.
2, 103
Let o(a) = 12*a**2 - 3*a + 8. Let y be (3 - 28/12)*-6. Let s be o(y). Suppose -29 + s = 3*l. What are the prime factors of l?
61
Let v(f) = f**2 + 5*f - 40. Let k be v(4). What are the prime factors of (-1)/k - (3 - (-934)/(-8))?
2, 3, 19
Let z = -68560 + 123773. List the prime factors of z.
55213
What are the prime factors of (2 - -2*10)/(((-260)/(-45487))/10)?
11, 3499
Let h = 175 + -150. Suppose 0 = -3*l - 9, -4*v - h = 2*l - 211. List the prime factors of v.
2, 3
Let r = 17 - 13. Suppose -r*g - 174 - 70 = 0. Let h = g - -177. List the prime factors of h.
2, 29
Let a(l) = 2*l**2 + 45*l + 221. What are the prime factors of a(85)?
2, 17
Suppose 64*v = 28*v - 11088. Let m = v + 2118. What are the prime factors of m?
2, 5, 181
Suppose 88048 = 4*d + 6*c - 45788, 0 = -3*d + 2*c + 100351. What are the prime factors of d?
3, 7, 59
Suppose 48006 = -12*g + 147682 + 207032. What are the prime factors of g?
61, 419
Let c(j) = -2*j - 1. Let m(b) = 9*b**3 - 5*b**2 - 15*b - 1. Let n(d) = 6*c(d) - m(d). List the prime factors of n(-4).
3, 71
Let t = -13 + -51. Suppose 0 = 9*s - 13*s - 912. Let d = t - s. What are the prime factors of d?
2, 41
Suppose o + 4*o = -7*o + 277860. List the prime factors of o.
5, 11, 421
Suppose -3108 = -2*x + 2*g - 682, 0 = 3*x - 5*g - 3631. List the prime factors of x.
1217
Suppose 3*o - 66 = 36. Suppose -o = -w + 10. Suppose 3*d - w = 211. List the prime factors of d.
5, 17
Let m(g) = 17*g + 23. Let x be m(15). Let p = 515 - x. What are the prime factors of (0 + p + -1)*(-12)/(-24)?
2, 59
Let c be 4 + -3 + -1 + 4. Suppose -z = -u - 2*u + 21, u - 7 = -c*z. Suppose 4*r = 5*r - u. What are the prime factors of r?
7
What are the prime factors of -12*((-995082)/792 - 6/(-8))?
2, 3767
Let d = 1065 - 1067. Let v(p) be the third derivative of -p**6/12 - p**5/12 - p**4/4 - p**3/2 - 2*p**2. What are the prime factors of v(d)?
3, 23
Let k = -256 - -259. Suppose -3*y - 4*x = -1116, -3*y = 2*x + k*x - 1119. List the prime factors of y.
2, 23
List the prime factors of 185/(-370) - (-2 - 4669/2).
2, 73
Let m(g) = -g**2 + 28*g - 95. Let q be m(24). Let h(n) = 7 + 225*n + 4*n - 3 + 3. What are the prime factors of h(q)?
2, 59
Let p = -1084 - -12280. What are the prime factors of p?
2, 3, 311
Let x(q) = 98*q**2 + 107*q + 2338. What are the prime factors of x(-26)?
2, 16451
Suppose -5*j - 95657 - 81333 = 0. List the prime factors of j/(-99) + (-8)/(-18).
2, 179
Let p(m) = -5*m**2 - 10*m + 2. Let h be p(-2). Suppose -5*c - 3*y = -h*c, -5*c + 21 = -2*y. Suppose -c*r = 145 - 547. What are the prime factors of r?
2, 67
Let f = 91 + -87. Suppose -4*o + 5*h = 10*h - 2403, -3015 = -5*o - f*h. List the prime factors of o.
607
Let b = 930 + 5641. Suppose 10*u - b - 309 = 0. List the prime factors of u.
2, 43
Let d(o) = -13*o + 26. Let a be d(5). Let p = 42 + a. Suppose 0*c = p*c - 5*y - 50, -3*c - 5*y = -70. What are the prime factors of c?
2, 5
Suppose -20 = -5*q - 15. Let n be q/(0/(-3) - 1/(-3)). Suppose -207 + 18 = -2*h - n*g, 3*g = 9. List the prime factors of h.
2, 3, 5
Let w(q) = q**3 - 28*q**2 - 4*q + 113. Let t be w(28). What are the prime factors of -1043*2*t/((-6)/3)?
7, 149
Suppose 5*t = -c + 19963, -3*t = 229*c - 225*c - 11988. List the prime factors of t.
2, 499
Suppose 5*v + 4 + 1 = -5*f, 0 = -4*v - f + 2. What are the prime factors of v/((-1)/840*-5)?
2, 3, 7
Let c = 34 - 32. Suppose v + 29 - 9 = 5*f, -c*f + 15 = v. Suppose w - 4*u = 33, f*u = -4*w + 111 - 42. List the prime factors of w.
3, 7
Let i = 331 + -110. Let c = -476 - -325. Let a = i + c. List the prime factors of a.
2, 5, 7
Suppose 0 = -0*b + 40*b. Let y(l) = -10*l**2 - l + 152. What are the prime factors of y(b)?
2, 19
Let c(l) = l**3 + 22*l**2 - 22*l + 27. Let i be c(-23). Let p(d) = -2*d + 17 + 33*d**2 - 12*d**2 - 15*d**2 - i. What are the prime factors of p(4)?
101
Let a(b) = -b**3 - 17*b**2 - 76*b + 3. What are the prime factors of a(-14)?
479
Let t = 53 + -26. Let b = -27 + t. What are the prime factors of 104 + b - 2/(4 + -2)?
103
Let f be 2 + 0/(-3) - (-11 - 5). Suppose -4*a + f*a - 2646 = 0. What are the prime factors of a?
3, 7
Suppose 6*p = 264 - 240. Let n(l) = 14*l**3 + 7*l**2 + 2*l - 48. What are the prime factors of n(p)?
2, 11
Let q(a) = -5*a**3 - 2*a**2 - 53*a - 39. What are the prime factors of q(-14)?
3, 1559
Suppose 7*r = r + 42. Suppose r*w - 50 - 167 = 0. Let y = w - -54. What are the prime factors of y?
5, 17
Suppose 0 = -5*m - 32 + 272. Let t be ((-3)/(-12)*-2)/((-6)/m). Suppose -249 = -t*v + 323. What are the prime factors of v?
11, 13
Suppose -k + 99448 = 3*f, -3*k - 184 = 6*f - 199078. List the prime factors of f.
2, 3, 5, 13, 17
Let z(o) = o**3 - 105*o**2 - 35*o - 956. What are the prime factors of z(108)?
2, 31, 61
Suppose 16*b - 13*b + 3939 = 0. Let p = -932 - b. What are the prime factors of p?
3, 127
Let q = 522 - 520. Suppose -3*d + d + 28 = -3*c, -89 = -5*d - q*c. List the prime factors of d.
17
Suppose -4*g + u + 5279 = 0, -u + 16 = 19. Suppose 3*v + 21*l - 26*l = g, -3*v - l + 1349 = 0. List the prime factors of v.
2, 7
Let m = 21696 - 14348. What are the prime factors of m?
2, 11, 167
Suppose 9*n - 336 = -7*n. Suppose -3*y = -2*z - 745, 5*y + 5*z - 11 - 1239 = 0. Suppose -n*r + 24*r - y = 0. List the prime factors of r.
83
Suppose 0 = y - 4*o + 69 - 834, -5*y + o + 3825 = 0. Suppose 22*a = 2579 + y. What are the prime factors of a?
2, 19
Let j = 519 + -513. What are the prime factors of -5*(j + (2 - 55))?
5, 47
Let a(c) = 96*c - 22. Let p be a(6). Let s = p + -333. What are the prime factors of s?
13, 17
Let p = -4283 + 14783. What are the prime factors of p?
2, 3, 5, 7
Suppose -17*s + 336 = -s. Suppose 0 = -s*w + 18*w + 192. List the prime factors of w.
2
Let h = -16 + 28. Suppose -3*m - d + 4 = -0, h = 3*d. Suppose 5*v - 3*b = b + 160, m = v - 4*b - 16. List the prime factors of v.
2, 3
Let s(p) = -112*p + 716. List the prime factors of s(-39).
2, 31, 41
Let h(m) = -7*m + 38. Let f be h(6). List the prime factors of (288/(-18))/(f/26).
2, 13
Let x(w) = -w**2 + 10*w + 108. Let t be x(16). Suppose -t*g + 8112 = -4*g. List the prime factors of g.
2, 3, 13
Suppose -12*m - m = -26. Let u(h) = 27*h**3 - 3*h**2 - h + 2. What are the prime factors of u(m)?
2, 3, 17
Let p(a) = 6*a + 142. Suppose -y + 4*k - 8 = 0, 4*y - y = k - 24. What are the prime factors of p(y)?
2, 47
Let t(j) be the first derivative of -37*j**2 - 15*j - 77. List the prime factors of t(-5).
5, 71
Suppose 1043072 - 42515 = 77*q - 131497. List the prime factors of q.
2, 7351
Let p(c) = 36*c + 17 + 71*c - 32*c - 136. List the prime factors of p(6).
331
Let y(z) = -z**3 + 9*z**2 + z. Let a be y(8). Suppose -4*i = -2*i + 2*v - a, -90 = -3*i + 3*v. List the prime factors of 25/10*i + 2/4.
83
Suppose -85*v - 5*j + 109310 = -80*v, 0 = j. What are the prime factors of v?
2, 17, 643
Let h = 12808 - 7259. Suppose -5*r - 3*k - k = -h, k + 1117 = r. List the prime factors of r.
3, 7, 53
Suppose 10*u - 383712 = 3*x, -124268 + 47508 = -2*u + 5*x. List the prime factors of u.
2, 3, 5, 1279
List the prime factors of 0 + 18030/9 + ((-138)/(-9))/23.
2, 3, 167
Let p(u) = 41*u - 42. Let s(f) = 1. Let k(b) = -p(b) + 6*s(b). List the prime factors of k(-9).
3, 139
Let l = 22713 - 12282. List the prime factors of l.
3, 19, 61
List the prime factors of 107130/(-18)*(-342)/190.
3, 3571
Suppose 9*v = -2*v + 176. Suppose -14634 = -v*z - 3946. List the prime factors of z.
2, 167
Let b = -54 - -31. Let c = -43 - b. Let i = c + 24. List the prime factors of i.
2
Let b = 39 - 35. Let q be (-34 - 3) + b/(-4). Let k = 54 + q. What are the prime factors of k?
2
Suppose -d - 3*c + 5048 = 620, -20 = 5*c. What are the prime factors of d?
2, 3, 5, 37
Let a be 6/14 - 3730265/(-245). Suppose 18*j - a - 1838 = 0. List the prime factors of j.
2, 3, 79
Suppose 46269 = 265*t - 256*t. List the prime factors of t.
53, 97
List the prime factors of (1 - (-7 - 5))/((-3)/(-735)).
5, 7, 13
Let c(g) = -696*g**3 + 5*g**2 + 14*g - 1. List the prime factors of c(-2).
3, 17, 109
Suppose -470*c = -474*c, 5*m - 183690 = -5*c - 67025. List the prime factors of m.
23333
Let p be -2 + 3 - -6 - -1769. Let g = p + -1144. List t